he prime factors of n?
2, 5, 11
Let r(n) = n**3 - 11*n**2 + 13*n - 10. Let k be r(10). Suppose 3*l = k - 2. List the prime factors of l.
2, 3
Let l = -147 - -212. Suppose -15 + l = 4*p - 2*a, -a = 4*p - 65. List the prime factors of p.
3, 5
Suppose 0 = 67*b - 98*b + 82553. List the prime factors of b.
2663
Let t be 3*((-56)/(-12))/7. Suppose 2*h - 100 = -5*q, q - 104 = -t*h - 4. What are the prime factors of h?
2, 5
Let r(j) = 2*j**2 + 65. Let h(p) = p**3 - 4*p**2 + 2*p + 3. Let v be h(3). Let b be r(v). Let c = -46 + b. What are the prime factors of c?
19
Let y(c) = 24*c - 3. Let z be y(3). Suppose -84 = -3*u + z. Suppose b + 61 = 5*v, 4*v - 2*b - u = b. List the prime factors of v.
2, 3
Let v(t) = -3*t + 34. Let z(p) = 4*p - 51. Let j(l) = -8*v(l) - 5*z(l). List the prime factors of j(7).
11
Let i(p) = 5*p**2 + 3*p - 4. Let g be i(3). Let t = -8 + g. List the prime factors of t.
2, 3, 7
Let a = -1380 + 5866. List the prime factors of a.
2, 2243
Let i(c) = c**3 + 5*c**2 + 4*c. Let p be i(-4). Suppose 5*q - 270 = -p*q. Suppose a = -a + q. List the prime factors of a.
3
Suppose 993 = o - 5*i, -2809 = -5*o + i + 2060. What are the prime factors of o?
7, 139
Suppose -2*s = -5*i + 5443, 4*i - 4357 = -0*s - s. List the prime factors of i.
3, 11
Let n(v) = -4*v**3 - 3*v**2 - 14*v + 35. List the prime factors of n(-6).
5, 7
Suppose 2*w = -f + 1297, -7*w + 5*w - 6521 = -5*f. List the prime factors of f.
1303
Suppose -14 = -4*h - 6. What are the prime factors of (h/(-3))/(14/(-987))?
47
Let y = 2264 - -754. List the prime factors of y.
2, 3, 503
Suppose 393 = i - t - 683, 2*i - 3*t = 2149. List the prime factors of i.
13, 83
Suppose -12*m + 39*m - 36423 = 0. What are the prime factors of m?
19, 71
Let a(d) = 10*d**2 - 30*d - 7. List the prime factors of a(-7).
3, 7, 11
Let u(o) = 16*o**2 - 1. Let h = 3 + -4. Let x be u(h). Suppose 0 = -5*g + x, 0*k + k - g = 24. List the prime factors of k.
3
Let y be (-6)/(-36) + 2/(-12). Let k = 9 + y. What are the prime factors of (-150)/k*(-6)/5?
2, 5
Suppose 5*l = 11 - 1. Suppose -5*v + 5*u - 235 = 0, -l*v = -u + 58 + 40. Let j = v - -101. What are the prime factors of j?
2, 5
Suppose 0*h = -2*h - t + 1248, 624 = h + 2*t. List the prime factors of h.
2, 3, 13
Let y = 0 - -3. Suppose 0*r + 4*b + 23 = 3*r, 4*b - 55 = -y*r. Suppose 2*f = r + 7. What are the prime factors of f?
2, 5
Let v = 105 + 43. Suppose w - 23 = 5*p, -5*p - 26 = w - 3*w. List the prime factors of -1*v/(-12)*w.
37
Let s = -62 - -56. Let r(z) = -21*z + 7. List the prime factors of r(s).
7, 19
Suppose 0 = -5*o - 3*k - 2, 2*o - 3*k - 17 = -1. Suppose 650 = 5*s - 5*c, -o*s + 280 = -0*s + 2*c. List the prime factors of s.
3, 5
Let t(f) = -226*f**2 - 6 - 222*f**2 + 449*f**2 + 9*f. Suppose 4*q = -0*q + 8, 2*o + 36 = 5*q. What are the prime factors of t(o)?
2, 23
Suppose 2*j = -2*n + 2082, 0 = 3*j - 5*n + 4*n - 3143. What are the prime factors of j?
2, 523
Suppose -13 = h - 2*h. Suppose p + 0*p = -h. Let a = p - -38. List the prime factors of a.
5
Let m be (72/(-7))/(33/(-308)). Suppose -o = r - 24, -2*o - m = -6*o + r. What are the prime factors of o?
2, 3
Suppose 5*t - 1303 - 1197 = 0. What are the prime factors of t?
2, 5
Suppose -p + 2 = -0. Suppose p*m = -j + 4*m + 207, -m = -3*j + 631. Suppose -2*x + 151 = x + 5*u, 4*x = 3*u + j. What are the prime factors of x?
2, 13
Suppose 4*q + 3*o = 1168, q + o - 154 = 139. What are the prime factors of q?
17
List the prime factors of 5960/15*300/40.
2, 5, 149
Suppose 28 + 32 = 4*j. Let m be (j/9)/((-4)/(-12)). Let h(g) = -g**2 + 5*g + 11. List the prime factors of h(m).
11
List the prime factors of 191292/72 + 2/12.
2657
List the prime factors of (468/90)/(2/170).
2, 13, 17
Suppose -6 - 19 = -5*n. Let l(b) = -b**3 + b**2 + 1. Let d(t) = 5*t**3 - 10*t**2 + 6*t - 5. Let h(m) = d(m) + 4*l(m). List the prime factors of h(n).
2
Suppose 8 = 2*m, -4*i - 4*m - 1404 = -0*i. Let v = -248 - i. What are the prime factors of v?
107
Suppose 0*t = -2*t + 8. Let w be 9 + 6/(-2) + 0 + -3. List the prime factors of (t - 3)*w - 0.
3
Let u be -12*5/((-40)/36). Suppose 3*m + u = 2*z, 5*z - 140 = 3*m + 2*m. What are the prime factors of z?
2, 3, 5
What are the prime factors of ((26/3)/(-13))/((-2)/1359)?
3, 151
Suppose 3 = -11*y + 12*y. Suppose y*o = -d + 34, 0 = 2*d - o - 21 - 26. What are the prime factors of d?
5
Let p(i) = 3*i**2 + 6*i - 16. Let m(k) = -k**3 - 5*k**2 + 6*k - 11. Let r be m(-6). What are the prime factors of p(r)?
281
Let d = 259 - -1273. List the prime factors of d.
2, 383
Suppose -36 = -2*f - 22. List the prime factors of f/(-7) + 0 + 7.
2, 3
Suppose 0 = -45*a + 56*a - 15301. What are the prime factors of a?
13, 107
Suppose q + 5*r = -q + 2719, 5508 = 4*q - 4*r. What are the prime factors of q?
2, 7
Let p(u) = -u**3 + 3*u**2. Let w be p(3). Suppose -29 = 2*x - 5*l - 3, w = -4*l. Let n = x + 28. What are the prime factors of n?
3, 5
Let x(f) be the third derivative of f**5/60 - 2*f**4/3 + 2*f**3 + 9*f**2. Let u = 41 + -23. What are the prime factors of x(u)?
2, 3
Let w(c) = -c**2 - 23*c - 20. Let r be w(-9). Suppose -3*l + 74 = -r. What are the prime factors of l?
2, 3, 5
Let k be 6/(-10) + 2499/(-35). Let u be (k/126)/((-2)/(-7)). Let g = 42 + u. List the prime factors of g.
2, 5
Let f = -2 - -3. Suppose -2*c - f = 35. Let w = 29 + c. What are the prime factors of w?
11
Suppose l + 4*w = 19, -20 = 3*w - 8*w. Suppose 0 = 35*h + 2*h - 2257. Suppose 2*r = -l*f + h, 4*r + f = -f + 110. What are the prime factors of r?
2, 13
Let f(p) = 2*p - 5. Let t be f(7). Suppose -t*d + 17 = -100. What are the prime factors of d?
13
Let g(s) = 130*s - 170. List the prime factors of g(9).
2, 5
Suppose 4*y + 9 = -7. What are the prime factors of 57 + 6 + y + -1?
2, 29
What are the prime factors of 26/(-104) + 1530/8?
191
Let m(w) = 13*w - 3. Let h be m(1). Let l = h - 29. Let z = l - -27. List the prime factors of z.
2
Let z(p) = 2*p**2 + 8*p - 7. Suppose -3*a = k - 9, k + 0*a - 7 = -a. Let n be z(k). Suppose -4*s = -n + 5. List the prime factors of s.
3
Let t(f) = 2*f**2 - 10*f - 6. Let w be (-18)/63 + 72/7. List the prime factors of t(w).
2, 47
Let p(o) = o**3 + 12*o**2 - 21*o - 11. List the prime factors of p(-10).
3, 7, 19
Let z(i) = -i**3 - 6*i - 1. Let l be z(3). Let n = 90 - l. List the prime factors of n.
2, 17
Let t(u) = u**3 + 6*u**2 - 8*u + 6. Suppose -s = -3*p - 10 - 2, -5*s = 3*p + 30. Let j = s - 4. What are the prime factors of t(j)?
13
Let s = -168 - -258. What are the prime factors of s?
2, 3, 5
Suppose 0*i - 2*i - 144 = 0. Let x = 375 + i. List the prime factors of 4/(-18) + x/27.
11
Let q be (-5192)/(-55) + 4/(-10). Suppose -m - s + q = 0, m - 2*s = 3*s + 94. List the prime factors of m.
2, 47
Let b = -9 - 0. Let p be ((-33)/b + -3)*-21. Let u = p + 27. What are the prime factors of u?
13
Let l = 77 + -38. Let r = l + -70. Let u = 44 + r. List the prime factors of u.
13
Let i(m) = -m**3 - 10*m**2 + 890. List the prime factors of i(0).
2, 5, 89
Let p(i) = 7*i**2 + 10*i + 15. Let n = 161 - 168. List the prime factors of p(n).
2, 3
Let n be 37/148 - (93/4 + 1). Let x = 31 - n. What are the prime factors of x?
5, 11
Let a = -13 - -15. Suppose a + 6 = 2*t. List the prime factors of t - 2 - (-2 + 1).
3
Suppose 0 = u + 2*a - 996, 0 = -3*u - 10*a + 7*a + 2994. What are the prime factors of u?
2, 5
Suppose 3*g + 2 = 3*w - 4, 3*g + 1 = -2*w. Let s(v) = -52*v + 8. List the prime factors of s(g).
2, 3, 5
Let l = -19 - -94. Suppose 2*b + 34 = 4*k - 20, 5*k - l = 5*b. List the prime factors of -93*(4 + (-52)/k).
31
Let z(f) = 47*f**2 - 5*f - 36. List the prime factors of z(-8).
2, 3, 251
Suppose -134 = -2*j - 5*y, 0*y = 5*j + 2*y - 356. What are the prime factors of j?
2, 3
Suppose -25*g + 61555 + 570 = 0. What are the prime factors of g?
5, 7, 71
Let w = -180 + 674. What are the prime factors of w?
2, 13, 19
Let k(a) be the first derivative of 5*a**3/3 - 6*a**2 - 2*a - 17. What are the prime factors of k(5)?
3, 7
Let g(p) = 42*p**2 - p - 1. Suppose 0 = d - 4*c - 26, -4*c + 0*c = -2*d + 32. Suppose d*i = 2*i - 4. What are the prime factors of g(i)?
2, 3, 7
List the prime factors of -12*60/(-9) + 0.
2, 5
Suppose 1061*t + 2121 = 1062*t. What are the prime factors of t?
3, 7, 101
Suppose -3*w + 2251 = -2*l, 5*w + 10*l - 37